e n(8). Suppose f - 288 = -z*f. What is the tens digit of f?
7
Let w be (3/12*2*4)/(-1). Let l(b) be the second derivative of -7*b**3/6 - b**2 + b. What is the tens digit of l(w)?
1
Suppose 127 - 9 = -2*g. Let r = g + 109. What is the units digit of r?
0
Suppose 2*j + 289 = -s, -3*j = -0*j - 3. Let n = -166 - s. What is the units digit of n?
5
Let b = -4 - -8. Suppose 0*q = 3*p - q - 6, 3*q - 8 = -b*p. Suppose -36 = -4*v + p*v. What is the tens digit of v?
1
Let z = 29 - -71. Suppose -8*x - z = -4*x. Let w = x - -51. What is the units digit of w?
6
Suppose 80 = -6*h + 11*h. Suppose -2*r - h = -0*r. What is the tens digit of ((-62)/(-4))/((-4)/r)?
3
Let q(f) = -6*f - 1. Let n be q(-1). Suppose -n = y - 0*y. Let c(v) = -v**2 - 8*v + 4. What is the tens digit of c(y)?
1
Suppose -u - 4 = 3*q + 4*u, -3*u = 15. Let n = 7 - q. Suppose l - 4 = n, -w - l = -2*w + 7. What is the units digit of w?
1
Let i = -340 + 1899. What is the thousands digit of i?
1
Let s = 384 + -315. What is the units digit of s?
9
Let r be 4/(20/1005) - 4. Let d = -54 + r. What is the units digit of d?
3
Suppose -24*a = -52439 - 19369. What is the thousands digit of a?
2
Let b = -970 + 1396. What is the tens digit of b?
2
Let l(f) = f**3 + 24*f**2 - 41*f - 62. What is the units digit of l(-24)?
2
Let k(l) = 8*l**2 - 11*l - 24. What is the tens digit of k(-7)?
4
Let u(s) be the second derivative of 17*s**3/6 - 31*s**2 - 9*s + 2. What is the tens digit of u(5)?
2
Suppose -44*l + 10340 = -34*l. What is the tens digit of l?
3
What is the hundreds digit of 26/(-52)*1/((-3)/2922)?
4
Suppose -i + q = -1476, 3*i - 5*q - 2428 = 1990. What is the thousands digit of i?
1
Suppose 35478 = 20*d - 34862. What is the hundreds digit of d?
5
Suppose 0 = 5*r - 2*x - 5043, -5*r + 190 = -x - 4854. What is the hundreds digit of r?
0
Suppose -2*v + v = -2*x + 20, 0 = -4*x - 5*v + 26. Suppose 7*t - 58 = -x. What is the units digit of t?
7
What is the tens digit of 2*-23*(-238)/17?
4
Let z(v) = -3*v**2 + 8*v. Let o(n) = 8*n**2 - 24*n + 1. Let g(r) = -4*o(r) - 11*z(r). Let l be g(5). Let f = 114 - l. What is the tens digit of f?
5
Let v be 8/(-24) + 5/(-3). Let q be v*((-25)/2)/(-5). Let o = q - -31. What is the units digit of o?
6
Let g(t) = -t**2 + t + 1. Let k(s) = 5*s - 2. Let n(y) = -g(y) - k(y). Let b(i) be the first derivative of n(i). What is the units digit of b(5)?
4
Let a be (1 - 39/9)*-15. Let v be (-3 - (0 - 4))*(-4)/(-2). Suppose -2*l + l + t = -31, v*l = -t + a. What is the units digit of l?
7
Suppose -18*y + 1499 + 16771 = 0. What is the hundreds digit of y?
0
Let v(k) = -k**3 + 16*k**2 - 3*k + 5. What is the units digit of v(12)?
5
Suppose 0 = -3*m + 13 + 2. Suppose 3*y + m*f - f = -5, 0 = y + 2*f + 3. Let i(c) = 73*c - 3. What is the tens digit of i(y)?
7
Let z(q) = -q**2 - 5*q + 9. Let i be z(-4). Suppose -7*y - 642 = -i*y. What is the units digit of y?
7
Let q(x) = -x + 4. Let z be q(2). Suppose 2*j - 4*o = 0, 0 = 4*j - z*o - 0*o - 6. Suppose l + j*l = 66. What is the units digit of l?
2
Suppose -2*h - 4 = -2*j - 2*j, 0 = 3*h + 6. What is the tens digit of (-38)/((-1 - j)*(-14)/(-7))?
1
Suppose -2*l = 1 + 21. Let s = 16 + l. Suppose -102 = 2*c - s*c. What is the units digit of c?
4
Let w = 20 + -15. Suppose -r - 132 = -w*q, 4*r - 2*r - 6 = 0. What is the units digit of q?
7
Let q(n) = 9*n - 17. Let k(m) = 4*m - 8. Let j(c) = 7*k(c) - 3*q(c). What is the units digit of j(6)?
1
Let h = 755 - 610. What is the hundreds digit of h?
1
Suppose 5*j = 2*j - 12. Let m = j - -6. Suppose m*b = 3*x - 4*x + 91, 2*b - x - 89 = 0. What is the units digit of b?
5
Let z = -78 + 64. What is the tens digit of ((-36)/10)/(1/(945/z))?
4
Let k = -232 - -409. Suppose 0 = -4*i + k + 51. What is the units digit of i?
7
Suppose -5*t + 940 = -i - i, 745 = 4*t - 3*i. Let v = 349 - t. What is the units digit of v?
9
Let f be (0 + -274)*(-2)/4. Suppose -3*y = -5*z - f + 22, -213 = -5*y + 3*z. Suppose r = 4*r - y. What is the tens digit of r?
1
Let d(b) = 49*b - 16. What is the tens digit of d(22)?
6
Suppose 24 = 20*u - 16. What is the units digit of u?
2
Suppose -9*u - 8 = -161. Suppose 21*h = u*h + 272. What is the tens digit of h?
6
Let r(h) be the second derivative of -h**2/2 - 7*h. Let k(i) = -5*i + 14. Let l(s) = -k(s) - 5*r(s). What is the tens digit of l(5)?
1
Suppose -2*n + n - 3 = 0. Let o be ((-4)/n)/((-3)/(-54)). What is the units digit of 6/3 + o - 0?
6
Suppose -24 = -5*w - 9. What is the tens digit of 185/w - (-24)/72?
6
Let q(p) = 113*p**2 + 13*p - 30. What is the hundreds digit of q(2)?
4
Let x(k) = k**2 - 5*k - 2. Let p be x(6). Let f(w) = -w**2 + 6*w - 6. Let s be f(p). What is the units digit of (6/4)/(s/12)?
9
Let k(h) = -48*h - 41. What is the tens digit of k(-8)?
4
Let v be -2 + -3 + 1 + 13. Suppose 0 = -2*s - s + 15, u + 15 = 3*s. Suppose h + 1 = u, v*h - 163 = -4*m + 4*h. What is the tens digit of m?
4
Let w = -9 - -25. Let q = w + -4. Suppose -4*y - q = 2*c - 40, 5*c = 5*y + 10. What is the units digit of c?
6
Suppose -32 + 40 = 4*n. Suppose -2*z - 639 = -4*u + z, 0 = 2*u + n*z - 330. What is the units digit of u?
2
Suppose j = 4*y + 3*j - 20, -5*y + 24 = 3*j. Suppose 21*p = y*p + 90. What is the units digit of p?
6
Suppose -3*n + 5*x = -7*n + 84, 0 = n + 5*x - 6. Let a = n + 9. Let k = -20 + a. What is the tens digit of k?
1
Let i(a) = -a**2 + 14*a. Let d be i(8). Suppose -2*x + 126 = -d. What is the units digit of x?
7
Let s = -58 - -125. Suppose 73 = -2*d - 4*k + 207, -d + s = -3*k. What is the units digit of d?
7
Let o(y) = 96*y**2 - 18. What is the hundreds digit of o(4)?
5
Let r(b) = -58*b**2 - 19*b - 3. Let i be r(-3). What is the tens digit of (i/10)/(13/(195/(-6)))?
1
Let n(f) = 2*f**2 + 3*f - 2. Let m be n(1). Suppose -10 = -2*i, 5*a - m*i = -0*i + 390. What is the tens digit of a?
8
Let j(i) = 124*i**2 + 12 + i - 123*i**2 + 0*i. What is the tens digit of j(7)?
6
Suppose -16*r + 5*r + 3663 = 0. What is the hundreds digit of r?
3
Let j(a) = a**3 + a**2 + 3*a + 7. Let z = 4 + 1. Let v be j(z). Suppose -3*t - v = -7*t. What is the units digit of t?
3
Let n(t) = t**2 + 14*t - 30. Let o be n(-16). What is the tens digit of (o/4)/(1/32) + 0?
1
Let x(z) = -z**2 - 4*z + 1. Let c be x(-5). Let r = c + 8. Suppose -3*g - 15 = -4*p + 2*g, 20 = 4*p - r*g. What is the tens digit of p?
1
Suppose -3*f + 25 = 2*f. Suppose 2*v + 0*v + 4*i + 70 = 0, f*v = 2*i - 139. Let s = 30 + v. What is the units digit of s?
1
Let f(o) = o**3 + 3*o**2 - 7*o - 6. Let t be f(-4). Suppose 235 = t*r - r. What is the units digit of r?
7
What is the tens digit of 77/63 + -1 - (-39200)/18?
7
Let w(m) = -2*m + 2. Let x be w(1). Suppose 4*l + v - 251 = x, 2*l - 121 = -4*v + 5*v. What is the units digit of l?
2
Suppose -4*m = 5*j - 2076, j - 23*m - 416 = -24*m. What is the tens digit of j?
1
Let j = -87 + 174. Let u = j + -4. What is the units digit of u?
3
Let u = 0 - -5. Suppose -3*i = -0*r + 5*r - 17, 5*i - 19 = r. Suppose 2*n = -i*x + 12, -2*x + u*n - 4 = n. What is the units digit of x?
2
Let n(y) = 2*y + 4. Let q(l) = -2*l - 8. Let z be q(-4). Let f be n(z). Suppose 3*d = -d + f, -5*b = -5*d - 65. What is the units digit of b?
4
Suppose -q - 2*b = -0*q - 10, -q + 2*b - 6 = 0. Let g(m) = 2*m + 276. Let w be g(-18). Suppose q*j + w = 7*j. What is the tens digit of j?
4
Suppose -50*g + 7645 = 2*j - 47*g, 3*g = -3*j + 11469. What is the units digit of j?
4
Let u = 366 + -240. What is the units digit of 8/52 - (u/(-26) - 1)?
6
Suppose 0*t = t - 5. Let o = t - -1. Suppose 0 = -4*u + o + 6. What is the units digit of u?
3
Suppose 5*k + 438 - 1371 = -w, -4*k = -w - 741. What is the units digit of k?
6
Suppose -2*p = -5 - 1. Suppose -4 = p*t - 2*t, 4*t = q - 169. What is the hundreds digit of q?
1
Suppose 242*g + 2866 = 244*g. What is the tens digit of g?
3
Let z = 3583 - 1169. What is the thousands digit of z?
2
Suppose -44 = -2*u + p + 11, 4*p = 3*u - 95. Let v = u + -21. Suppose -4*w + 60 = 4*c, w = -v*w - 3*c + 71. What is the tens digit of w?
1
Let u = 410 + -173. What is the tens digit of u?
3
Suppose -7*d - 4*l = -11*d + 1464, 1795 = 5*d + 2*l. What is the units digit of d?
1
Suppose 0*z = -4*z + 168. Let l = z - 36. What is the units digit of l?
6
Let k(z) = -z. Let j be k(-3). Suppose -o + 2*r + 10 = -j, -2*o - 2